INSERT INTO cmn_application_preference (id, class_name, description, preference_name, preference_value) VALUES (nextval('cmn_application_preference_id_seq'), 'java.lang.Boolean', '', 'application_database_initialization_flag', 'true');
INSERT INTO cmn_application_preference (id, class_name, description, preference_name, preference_value) VALUES (nextval('cmn_application_preference_id_seq'), 'java.lang.String', '', 'application_name', 'CDAGenerator');
INSERT INTO cmn_application_preference (id, class_name, description, preference_name, preference_value) VALUES (nextval('cmn_application_preference_id_seq'), 'java.lang.String', '', 'application_admin_name', 'Eric Poiseau');
INSERT INTO cmn_application_preference (id, class_name, description, preference_name, preference_value) VALUES (nextval('cmn_application_preference_id_seq'), 'java.lang.String', '', 'application_admin_email', 'epoiseau@irisa.fr');
INSERT INTO cmn_application_preference (id, class_name, description, preference_name, preference_value) VALUES (nextval('cmn_application_preference_id_seq'), 'java.lang.String', '', 'application_email_account_for_history', 'epoiseau@irisa.Fr');
INSERT INTO cmn_application_preference (id, class_name, description, preference_name, preference_value) VALUES (nextval('cmn_application_preference_id_seq'), 'java.lang.String', '', 'application_issue_tracker_url', 'https://gazelle.ihe.net/jira/projects/CDAGEN');
INSERT INTO cmn_application_preference (id, class_name, description, preference_name, preference_value) VALUES (nextval('cmn_application_preference_id_seq'), 'java.lang.String', '', 'application_release_notes_url', 'https://gazelle.ihe.net/jira/projects/CDAGEN?selectedItem=com.atlassian.jira.jira-projects-plugin%3Arelease-page&status=no-filter');
INSERT INTO cmn_application_preference (id, class_name, description, preference_name, preference_value) VALUES (nextval('cmn_application_preference_id_seq'), 'java.lang.String', '', 'time_zone', 'Europe/Paris');
INSERT INTO cmn_application_preference (id, class_name, description, preference_name, preference_value) VALUES (nextval('cmn_application_preference_id_seq'), 'java.lang.String', '', 'application_zone', 'dd');
INSERT INTO cmn_application_preference (id, class_name, description, preference_name, preference_value) VALUES (nextval('cmn_application_preference_id_seq'), 'java.lang.String', '', 'application_profile', 'prod');
INSERT INTO cmn_application_preference (id, class_name, description, preference_name, preference_value) VALUES (nextval('cmn_application_preference_id_seq'), 'java.lang.String', '', 'dds_ws_endpoint', 'http://gazelle.ihe.net/DDSWS/DemographicDataServerBean?wsdl');
INSERT INTO cmn_application_preference (id, class_name, description, preference_name, preference_value) VALUES (nextval('cmn_application_preference_id_seq'), 'java.lang.String', '', 'schematron_validator', 'http://jumbo.irisa.fr:8080/SchematronValidator-SchematronValidator-ejb/GazelleObjectValidatorWS?wsdl');
INSERT INTO cmn_application_preference (id, class_name, description, preference_name, preference_value) VALUES (nextval('cmn_application_preference_id_seq'), 'java.lang.String', '', 'gazelle_bin', '/opt/gazelle/bin');
INSERT INTO cmn_application_preference (id, class_name, description, preference_name, preference_value) VALUES (nextval('cmn_application_preference_id_seq'), 'java.lang.String', '', 'cda_result_detail', 'http://gazelle.ihe.net/EVSClient/xsl/schematronResultStylesheet.xsl');
INSERT INTO cmn_application_preference (id, class_name, description, preference_name, preference_value) VALUES (nextval('cmn_application_preference_id_seq'), 'java.lang.String', '', 'xsl_path', 'http://gazelle.ihe.net/xsl/');
INSERT INTO cmn_application_preference (id, class_name, description, preference_name, preference_value) VALUES (nextval('cmn_application_preference_id_seq'), 'java.lang.String', '', 'sex_oid', '1.3.6.1.4.1.21367.101.101');
INSERT INTO cmn_application_preference (id, class_name, description, preference_name, preference_value) VALUES (nextval('cmn_application_preference_id_seq'), 'java.lang.String', '', 'religion_oid', '1.3.6.1.4.1.21367.101.122');
INSERT INTO cmn_application_preference (id, class_name, description, preference_name, preference_value) VALUES (nextval('cmn_application_preference_id_seq'), 'java.lang.String', '', 'race_oid', '1.3.6.1.4.1.21367.101.102');
INSERT INTO cmn_application_preference (id, class_name, description, preference_name, preference_value) VALUES (nextval('cmn_application_preference_id_seq'), 'java.lang.String', '', 'application_url', 'http://gazelle.ihe.net/CDAGenerator');
INSERT INTO cmn_application_preference (id, class_name, description, preference_name, preference_value) VALUES (nextval('cmn_application_preference_id_seq'), 'java.lang.String', '', 'evs_url', 'http://gazelle.ihe.net/EVSClient');
INSERT INTO cmn_application_preference (id, class_name, description, preference_name, preference_value) VALUES (nextval('cmn_application_preference_id_seq'), 'java.lang.String', '', 'cda_xsd', '/opt/CDAGenerator/xsd/ihe_lab/infrastructure/cda/LabCDA.xsd');
INSERT INTO cmn_application_preference (id, class_name, description, preference_name, preference_value) VALUES (nextval('cmn_application_preference_id_seq'), 'java.lang.String', '', 'cdaepsos_xsd', '/opt/CDAGenerator/xsd/cda_epsos/CDA_extended.xsd');
INSERT INTO cmn_application_preference (id, class_name, description, preference_name, preference_value) VALUES (nextval('cmn_application_preference_id_seq'), 'java.lang.String', '', 'doc_path', '/opt/CDAGenerator/doc/');
INSERT INTO cmn_application_preference (id, class_name, description, preference_name, preference_value) VALUES (nextval('cmn_application_preference_id_seq'), 'java.lang.String', '', 'svs_repository_url', 'http://gazelle.ihe.net');
INSERT INTO cmn_application_preference (id, class_name, description, preference_name, preference_value) VALUES (nextval('cmn_application_preference_id_seq'), 'java.lang.String ', '', 'app_documentation', 'http://gazelle.ihe.net');
INSERT INTO cmn_application_preference (id, class_name, description, preference_name, preference_value) VALUES (nextval('cmn_application_preference_id_seq'), 'java.lang.String', '', 'cdapharm_xsd', '/opt/CDAGenerator/xsd/xsd-pharm-tiani/extendedschemas/CDA_extended_pharmacy.xsd');
INSERT INTO cmn_application_preference (id, class_name, description, preference_name, preference_value) VALUES (nextval('cmn_application_preference_id_seq'), 'java.lang.Boolean', 'Enable or Disable http security headers', 'security-policies', 'false');
INSERT INTO cmn_application_preference (id, class_name, description, preference_name, preference_value) VALUES (nextval('cmn_application_preference_id_seq'), 'java.lang.String', 'Sites can use this to avoid clickjacking attacks, by ensuring that their content is not embedded into other sites', 'X-Frame-Options', 'SAMEORIGIN');
INSERT INTO cmn_application_preference (id, class_name, description, preference_name, preference_value) VALUES (nextval('cmn_application_preference_id_seq'), 'java.lang.String', '', 'svs_endpoint', 'http://gazelle.ihe.net/SVSSimulator/rest/RetrieveValueSetForSimulator');
INSERT INTO cmn_application_preference (id, class_name, description, preference_name, preference_value) VALUES (nextval('cmn_application_preference_id_seq'), 'java.lang.String', 'Application should return caching directives instructing browsers not to store local copies of any sensitive data.', 'Cache-Control', 'private, no-cache, no-store, must-revalidate, max-age=0');
INSERT INTO cmn_application_preference (id, class_name, description, preference_name, preference_value) VALUES (nextval('cmn_application_preference_id_seq'), 'java.lang.String', 'is a security feature that lets a web site tell browsers that it should only be communicated with using HTTPS, instead of using HTTP', 'Strict-Transport-Security', 'max-age=31536000 ; includeSubDomains');
INSERT INTO cmn_application_preference (id, class_name, description, preference_name, preference_value) VALUES (nextval('cmn_application_preference_id_seq'), 'java.lang.String', ' is an added layer of security that helps to detect and mitigate certain types of attacks, including Cross Site Scripting (XSS) and data injection attacks', 'X-Content-Security-Policy', '');
INSERT INTO cmn_application_preference (id, class_name, description, preference_name, preference_value) VALUES (nextval('cmn_application_preference_id_seq'), 'java.lang.String', 'Chrome flag, uses X-Content-Security-Policy values', 'X-WebKit-CSP', 'Use X-Content-Security-Policy values');
INSERT INTO cmn_application_preference (id, class_name, description, preference_name, preference_value) VALUES (nextval('cmn_application_preference_id_seq'), 'java.lang.String', 'Chrome flag, uses X-Content-Security-Policy-Report-Only values', 'X-WebKit-CSP-Report-Only', 'Use X-Content-Security-Policy-Report-Only values');
INSERT INTO cmn_application_preference (id, class_name, description, preference_name, preference_value) VALUES (nextval('cmn_application_preference_id_seq'), 'java.lang.String', 'Configuring Content Security Policy involves deciding what policies you want to enforce, and then configuring them and using X-Content-Security-Policy to establish your policy.', 'X-Content-Security-Policy-Report-Only', 'default-src ''self'' *.ihe.net www.epsos.eu; script-src ''self'' ''unsafe-eval'' ''unsafe-inline''; style-src ''self'' ''unsafe-inline'';');
INSERT INTO cmn_application_preference (id, class_name, description, preference_name, preference_value) VALUES (nextval('cmn_application_preference_id_seq'), 'java.lang.Boolean', 'Enable or Disable Sql Injection filter', 'sql_injection_filter_switch', 'false');
INSERT INTO cmn_application_preference (id, class_name, description, preference_name, preference_value) VALUES (nextval('cmn_application_preference_id_seq'), 'java.lang.String', '', 'assertion_manager_url', 'http://gazelle.ihe.net/AssertionManager');
INSERT INTO cmn_application_preference (id, class_name, description, preference_name, preference_value) VALUES (nextval('cmn_application_preference_id_seq'), 'java.lang.String', '', 'svs_simulator_restful_url', 'http://gazelle.ihe.net/SVSSimulator/rest/RetrieveValueSetForSimulator');
INSERT INTO cmn_application_preference (id, class_name, description, preference_name, preference_value) VALUES (nextval('cmn_application_preference_id_seq'), 'java.lang.String', '', 'ip_login_admin', '.*');
INSERT INTO cmn_application_preference (id, class_name, description, preference_name, preference_value) VALUES (nextval('cmn_application_preference_id_seq'), 'java.lang.Boolean', '', 'ip_login', 'f');
INSERT INTO cmn_application_preference (id, class_name, description, preference_name, preference_value) VALUES (nextval('cmn_application_preference_id_seq'), 'java.lang.Boolean', '', 'cas_enabled', 'true');
INSERT INTO cmn_application_preference (id, class_name, description, preference_name, preference_value) VALUES (nextval('cmn_application_preference_id_seq'), 'java.lang.String', ' ', 'bbr_folder', '/opt/CDAGenerator/BBR/');
INSERT INTO cmn_application_preference (id, class_name, description, preference_name, preference_value) VALUES (nextval('cmn_application_preference_id_seq'), 'java.lang.String', 'The root OID for identifying scorecards', 'scorecard_root_oid', 'An OID with trailing DOT (.)');
INSERT INTO cmn_application_preference (id, class_name, description, preference_name, preference_value) VALUES (nextval('cmn_application_preference_id_seq'), 'java.lang.Integer', 'The next index to be used for identifying scorecards', 'scorecard_next_index', '1');
INSERT INTO cmn_application_preference (id, class_name, description, preference_name, preference_value) VALUES (nextval('cmn_application_preference_id_seq'), 'java.lang.String', 'The url to mm viewer xsl', 'mm_xsl', 'https://gazelle.ihe.net/xsl/mm-viewer/mm2html.xsl');
INSERT INTO cmn_application_preference (id, class_name, description, preference_name, preference_value) VALUES (nextval('cmn_application_preference_id_seq'), 'java.lang.String', 'The path to repository for addenda to the validation utility', 'other_files_path', '/opt/CDAGenerator/BBR/files');
INSERT INTO cmn_application_preference (id, class_name, description, preference_name, preference_value) VALUES (nextval('cmn_application_preference_id_seq'), 'java.lang.String', 'URL to the application user documentation', 'documentation_url', 'https://gazelle.ihe.net/gazelle-documentation/CDA-Generator/user.html');
INSERT INTO cmn_application_preference (id, class_name, description, preference_name, preference_value) VALUES (nextval('cmn_application_preference_id_seq'), 'java.lang.String', 'Path to the validation script', 'hl7temp-validation-exec', '/opt/CDAGenerator/exec/hl7templates-validator-app/bin/CDATemplatesValidator.sh');
INSERT INTO cmn_application_preference (id, class_name, description, preference_name, preference_value) VALUES (nextval('cmn_application_preference_id_seq'), 'java.lang.String', 'Path to the temp validation folder', 'output-hl7temp-validation	', '	/opt/CDAGenerator/hl7tempValidation');
INSERT INTO cmn_application_preference (id, class_name, description, preference_name, preference_value) VALUES (nextval('cmn_application_preference_id_seq'), 'java.lang.Boolean', 'This preference allow to disable the Tools part in the menu', 'enable_tools_menu', 'true');




INSERT INTO public.validator_describer (id, validator_name) VALUES (1, 'IHE - LAB - Sharing Laboratory Reports (XD-LAB) (old version)');
INSERT INTO public.validator_describer (id, validator_name) VALUES (2, 'HL7 - CDA Release 2');
INSERT INTO public.validator_describer (id, validator_name) VALUES (3, 'HL7 - CDA Release 2 (strict)');
INSERT INTO public.validator_describer (id, validator_name) VALUES (4, 'epSOS - Patient Summary Pivot');
INSERT INTO public.validator_describer (id, validator_name) VALUES (5, 'epSOS - ePrescription Pivot');
INSERT INTO public.validator_describer (id, validator_name) VALUES (6, 'epSOS - eDispensation Pivot');
INSERT INTO public.validator_describer (id, validator_name) VALUES (7, 'epSOS - Patient Summary Friendly');
INSERT INTO public.validator_describer (id, validator_name) VALUES (8, 'epSOS - eDispensation Friendly');
INSERT INTO public.validator_describer (id, validator_name) VALUES (9, 'epSOS - eConsent');
INSERT INTO public.validator_describer (id, validator_name) VALUES (10, 'epSOS - HCER HealthCare Encounter Report');
INSERT INTO public.validator_describer (id, validator_name) VALUES (11, 'epSOS - MRO Medication Related Overview');
INSERT INTO public.validator_describer (id, validator_name) VALUES (12, 'IHE - RAD - CDA document wrapper (XDS-I.b)');
INSERT INTO public.validator_describer (id, validator_name) VALUES (13, 'IHE - ITI - Basic Patient Privacy Consent (BPPC)');
INSERT INTO public.validator_describer (id, validator_name) VALUES (14, 'ASIP - CDA Structuration minimale');
INSERT INTO public.validator_describer (id, validator_name) VALUES (15, 'ASIP - Fiche de Réunion de Concertation Pluridisciplinaire (FRCP)');
INSERT INTO public.validator_describer (id, validator_name) VALUES (16, 'HL7 - CCD');
INSERT INTO public.validator_describer (id, validator_name) VALUES (17, 'EXPAND - CDA documents [informal testing - art-decor based requirements]');
INSERT INTO public.validator_describer (id, validator_name) VALUES (18, 'IHE - CARD - Cath Report Content (CRC)');
INSERT INTO public.validator_describer (id, validator_name) VALUES (19, 'IHE - LAB - Sharing Laboratory Reports (XD-LAB)');
INSERT INTO public.validator_describer (id, validator_name) VALUES (20, 'LUX - Header Specifications');
INSERT INTO public.validator_describer (id, validator_name) VALUES (21, 'LUX - Body Level1 Specifications');
INSERT INTO public.validator_describer (id, validator_name) VALUES (22, 'KSA - Header Specifications');
INSERT INTO public.validator_describer (id, validator_name) VALUES (23, 'KSA - Basic Patient Privacy Consents');
INSERT INTO public.validator_describer (id, validator_name) VALUES (24, 'KSA - XDS-I.b Displayable Radiology report');
INSERT INTO public.validator_describer (id, validator_name) VALUES (25, 'IHE - CARD - Registry Content Submission (RCS-C)');
INSERT INTO public.validator_describer (id, validator_name) VALUES (26, 'IHE - CARD - Registry Content Submission - Electrophysiology (RCS-EP)');
INSERT INTO public.validator_describer (id, validator_name) VALUES (27, 'KSA - Laboratory Report');
INSERT INTO public.validator_describer (id, validator_name) VALUES (28, 'KSA - Laboratory Order');
INSERT INTO public.validator_describer (id, validator_name) VALUES (29, 'IHE - PATH - Anatomic Pathology Structured Reports (APSR)');
INSERT INTO public.validator_describer (id, validator_name) VALUES (30, 'KSA - XDS-I.b Basic Structured Radiology report');
INSERT INTO public.validator_describer (id, validator_name) VALUES (31, 'epSOS - ePrescription Friendly');
SELECT pg_catalog.setval('validator_describer_id_seq', 31, true);

INSERT INTO public.validator_association_parents_link (validator_describer_id, validator_parent_id) VALUES (14, 2);
INSERT INTO public.validator_association_parents_link (validator_describer_id, validator_parent_id) VALUES (18, 2);
INSERT INTO public.validator_association_parents_link (validator_describer_id, validator_parent_id) VALUES (25, 2);
INSERT INTO public.validator_association_parents_link (validator_describer_id, validator_parent_id) VALUES (26, 3);
INSERT INTO public.validator_association_parents_link (validator_describer_id, validator_parent_id) VALUES (19, 2);
INSERT INTO public.validator_association_parents_link (validator_describer_id, validator_parent_id) VALUES (5, 31);
INSERT INTO public.validator_association_parents_link (validator_describer_id, validator_parent_id) VALUES (6, 8);
INSERT INTO public.validator_association_parents_link (validator_describer_id, validator_parent_id) VALUES (13, 2);
INSERT INTO public.validator_association_parents_link (validator_describer_id, validator_parent_id) VALUES (9, 13);
INSERT INTO public.validator_association_parents_link (validator_describer_id, validator_parent_id) VALUES (14, 3);
INSERT INTO public.validator_association_parents_link (validator_describer_id, validator_parent_id) VALUES (14, 2);



INSERT INTO public.mbv_package (id, description, name, package_name, namespace, last_updated) VALUES (1, '', 'nblock', 'net.ihe.gazelle.nblock.nblock', 'urn:hl7-org:v3', '2018-07-04 15:59:36.37724');
INSERT INTO public.mbv_package (id, description, name, package_name, namespace, last_updated) VALUES (2, '', 'xdlab', 'net.ihe.gazelle.xdlab.xdlab', 'none', '2018-07-04 15:59:36.37724');
INSERT INTO public.mbv_package (id, description, name, package_name, namespace, last_updated) VALUES (3, '', 'modelcontenu', 'net.ihe.gazelle.asip.modelcontenu', '', '2018-07-04 15:59:36.37724');
INSERT INTO public.mbv_package (id, description, name, package_name, namespace, last_updated) VALUES (4, '', 'abscdarcp', 'net.ihe.gazelle.asip.abscdarcp', '', '2018-07-04 15:59:36.37724');
INSERT INTO public.mbv_package (id, description, name, package_name, namespace, last_updated) VALUES (5, '', 'cdarcp', 'net.ihe.gazelle.asip.cdarcp', '', '2018-07-04 15:59:36.37724');
INSERT INTO public.mbv_package (id, description, name, package_name, namespace, last_updated) VALUES (6, '', 'voc', 'net.ihe.gazelle.voc.voc', 'urn:hl7-org:v3', '2018-07-04 15:59:36.37724');
INSERT INTO public.mbv_package (id, description, name, package_name, namespace, last_updated) VALUES (7, '', 'cdapharm', 'net.ihe.gazelle.pharm.cdapharm', '', '2018-07-04 15:59:36.37724');
INSERT INTO public.mbv_package (id, description, name, package_name, namespace, last_updated) VALUES (8, '', 'ihepadv', 'net.ihe.gazelle.pharm.ihepadv', '', '2018-07-04 15:59:36.37724');
INSERT INTO public.mbv_package (id, description, name, package_name, namespace, last_updated) VALUES (9, '', 'cda', 'net.ihe.gazelle.cda.cda', 'urn:hl7-org:v3', '2018-07-04 15:59:36.37724');
INSERT INTO public.mbv_package (id, description, name, package_name, namespace, last_updated) VALUES (10, '', 'PCCdocument', 'net.ihe.gazelle.pcc.PCCdocument', '', '2018-07-04 15:59:36.37724');
INSERT INTO public.mbv_package (id, description, name, package_name, namespace, last_updated) VALUES (11, '', 'PCCentry', 'net.ihe.gazelle.pcc.PCCentry', '', '2018-07-04 15:59:36.37724');
INSERT INTO public.mbv_package (id, description, name, package_name, namespace, last_updated) VALUES (12, '', 'PCCsection', 'net.ihe.gazelle.pcc.PCCsection', '', '2018-07-04 15:59:36.37724');
INSERT INTO public.mbv_package (id, description, name, package_name, namespace, last_updated) VALUES (13, '', 'pcc', 'net.ihe.gazelle.pcc.pcc', '', '2018-07-04 15:59:36.37724');
INSERT INTO public.mbv_package (id, description, name, package_name, namespace, last_updated) VALUES (14, '', 'ccd', 'net.ihe.gazelle.ccd.ccd', '', '2018-07-04 15:59:36.37724');
INSERT INTO public.mbv_package (id, description, name, package_name, namespace, last_updated) VALUES (15, '', 'cdamin', 'net.ihe.gazelle.cdamin.cdamin', '', '2018-07-04 15:59:36.37724');
INSERT INTO public.mbv_package (id, description, name, package_name, namespace, last_updated) VALUES (16, '', 'CCDA', 'net.ihe.gazelle.ccda.CCDA', '', '2018-07-04 15:59:36.37724');
INSERT INTO public.mbv_package (id, description, name, package_name, namespace, last_updated) VALUES (17, '', 'xdssdbppc', 'net.ihe.gazelle.xdssd.xdssdbppc', '', '2018-07-04 15:59:36.37724');
INSERT INTO public.mbv_package (id, description, name, package_name, namespace, last_updated) VALUES (18, '', 'xdssdcode', 'net.ihe.gazelle.xdssd.xdssdcode', '', '2018-07-04 15:59:36.37724');
INSERT INTO public.mbv_package (id, description, name, package_name, namespace, last_updated) VALUES (19, '', 'xdssdrad', 'net.ihe.gazelle.xdssd.xdssdrad', '', '2018-07-04 15:59:36.37724');
INSERT INTO public.mbv_package (id, description, name, package_name, namespace, last_updated) VALUES (20, '', 'luxh', 'net.ihe.gazelle.lux.luxh', '', '2018-07-04 15:59:36.37724');
INSERT INTO public.mbv_package (id, description, name, package_name, namespace, last_updated) VALUES (21, '', 'ihedis', 'net.ihe.gazelle.pharm.ihedis', '', '2018-07-04 15:59:36.37724');
INSERT INTO public.mbv_package (id, description, name, package_name, namespace, last_updated) VALUES (22, '', 'cdakh', 'net.ihe.gazelle.cdakh.cdakh', '', '2018-07-04 15:59:36.37724');
INSERT INTO public.mbv_package (id, description, name, package_name, namespace, last_updated) VALUES (23, '', 'kbppc', 'net.ihe.gazelle.kbppc.kbppc', '', '2018-07-04 15:59:36.37724');
INSERT INTO public.mbv_package (id, description, name, package_name, namespace, last_updated) VALUES (24, '', 'bsrr', 'net.ihe.gazelle.kradr.bsrr', '', '2018-07-04 15:59:36.37724');
INSERT INTO public.mbv_package (id, description, name, package_name, namespace, last_updated) VALUES (25, '', 'drr', 'net.ihe.gazelle.kradr.drr', '', '2018-07-04 15:59:36.37724');
INSERT INTO public.mbv_package (id, description, name, package_name, namespace, last_updated) VALUES (26, '', 'kradrcommon', 'net.ihe.gazelle.kradr.kradrcommon', '', '2018-07-04 15:59:36.37724');
INSERT INTO public.mbv_package (id, description, name, package_name, namespace, last_updated) VALUES (27, '', 'klabccom', 'net.ihe.gazelle.klabc.klabccom', '', '2018-07-04 15:59:36.37724');
INSERT INTO public.mbv_package (id, description, name, package_name, namespace, last_updated) VALUES (28, '', 'klabcrep', 'net.ihe.gazelle.klabc.klabcrep', '', '2018-07-04 15:59:36.37724');
INSERT INTO public.mbv_package (id, description, name, package_name, namespace, last_updated) VALUES (29, '', 'kradr', 'net.ihe.gazelle.kradr.kradr', '', '2018-07-04 15:59:36.37724');
INSERT INTO public.mbv_package (id, description, name, package_name, namespace, last_updated) VALUES (30, '', 'crc', 'net.ihe.gazelle.crc.crc', '', '2018-07-04 15:59:36.37724');
INSERT INTO public.mbv_package (id, description, name, package_name, namespace, last_updated) VALUES (31, '', 'crcabs', 'net.ihe.gazelle.crc.crcabs', '', '2018-07-04 15:59:36.37724');
INSERT INTO public.mbv_package (id, description, name, package_name, namespace, last_updated) VALUES (32, '', 'cdadt', 'net.ihe.gazelle.cda.cdadt', '', '2018-07-04 15:59:36.37724');
INSERT INTO public.mbv_package (id, description, name, package_name, namespace, last_updated) VALUES (33, '', 'cdanblock', 'net.ihe.gazelle.cda.cdanblock', '', '2018-07-04 15:59:36.37724');
INSERT INTO public.mbv_package (id, description, name, package_name, namespace, last_updated) VALUES (34, '', 'rcsc', 'net.ihe.gazelle.rcsc.rcsc', '', '2018-07-04 15:59:36.37724');
INSERT INTO public.mbv_package (id, description, name, package_name, namespace, last_updated) VALUES (35, '', 'cdabasic', 'net.ihe.gazelle.cda.cdabasic', '', '2018-07-04 15:59:36.37724');
INSERT INTO public.mbv_package (id, description, name, package_name, namespace, last_updated) VALUES (36, '', 'rcsep', 'net.ihe.gazelle.rcsep.rcsep', '', '2018-07-04 15:59:36.37724');
INSERT INTO public.mbv_package (id, description, name, package_name, namespace, last_updated) VALUES (37, '', 'rcsepvs', 'net.ihe.gazelle.rcsepvs.rcsepvs', '', '2018-07-04 15:59:36.37724');
INSERT INTO public.mbv_package (id, description, name, package_name, namespace, last_updated) VALUES (38, '', 'ccdaadr11', 'net.ihe.gazelle.ccdaadr11.ccdaadr11', '', '2018-07-04 15:59:36.377246');
INSERT INTO public.mbv_package (id, description, name, package_name, namespace, last_updated) VALUES (39, '', 'PatientSummary', 'net.ihe.gazelle.epsos.PatientSummary', '', '2018-07-04 15:59:36.37724');
INSERT INTO public.mbv_package (id, description, name, package_name, namespace, last_updated) VALUES (40, '', 'ScannedDoc', 'net.ihe.gazelle.epsos.ScannedDoc', '', '2018-07-04 15:59:36.37724');
INSERT INTO public.mbv_package (id, description, name, package_name, namespace, last_updated) VALUES (41, '', 'ePrescription', 'net.ihe.gazelle.epsos.ePrescription', '', '2018-07-04 15:59:36.37724');
INSERT INTO public.mbv_package (id, description, name, package_name, namespace, last_updated) VALUES (42, '', 'CDAEpsosSpec', 'net.ihe.gazelle.epsos.CDAEpsosSpec', '', '2018-07-04 15:59:36.37724');
INSERT INTO public.mbv_package (id, description, name, package_name, namespace, last_updated) VALUES (43, '', 'Common', 'net.ihe.gazelle.epsos.Common', '', '2018-07-04 15:59:36.37724');
INSERT INTO public.mbv_package (id, description, name, package_name, namespace, last_updated) VALUES (44, '', 'eDispensation', 'net.ihe.gazelle.epsos.eDispensation', '', '2018-07-04 15:59:36.37724');
INSERT INTO public.mbv_package (id, description, name, package_name, namespace, last_updated) VALUES (45, '', 'mro', 'net.ihe.gazelle.epsos.mro', '', '2018-07-04 15:59:36.37724');
INSERT INTO public.mbv_package (id, description, name, package_name, namespace, last_updated) VALUES (46, '', 'eDispensationPivot', 'net.ihe.gazelle.epsos.eDispensationPivot', '', '2018-07-04 15:59:36.37724');
INSERT INTO public.mbv_package (id, description, name, package_name, namespace, last_updated) VALUES (47, '', 'PatientSummaryPivot', 'net.ihe.gazelle.epsos.PatientSummaryPivot', '', '2018-07-04 15:59:36.37724');
INSERT INTO public.mbv_package (id, description, name, package_name, namespace, last_updated) VALUES (48, '', 'CommonPivot', 'net.ihe.gazelle.epsos.CommonPivot', '', '2018-07-04 15:59:36.37724');
INSERT INTO public.mbv_package (id, description, name, package_name, namespace, last_updated) VALUES (49, '', 'ePrescriptionPivot', 'net.ihe.gazelle.epsos.ePrescriptionPivot', '', '2018-07-04 15:59:36.37724');
INSERT INTO public.mbv_package (id, description, name, package_name, namespace, last_updated) VALUES (50, '', 'hcer', 'net.ihe.gazelle.epsos.hcer', '', '2018-07-04 15:59:36.37724');
INSERT INTO public.mbv_package (id, description, name, package_name, namespace, last_updated) VALUES (51, '', 'EEDCommon', 'net.ihe.gazelle.epsos.EEDCommon', '', '2018-07-04 15:59:36.377246');
INSERT INTO public.mbv_package (id, description, name, package_name, namespace, last_updated) VALUES (52, '', 'ihepre', 'net.ihe.gazelle.pharm.ihepre', '', '2018-07-04 15:59:36.37724');
INSERT INTO public.mbv_package (id, description, name, package_name, namespace, last_updated) VALUES (53, '', 'XDLABSpec', 'net.ihe.gazelle.xdlab.XDLABSpec', 'none', '2018-07-04 15:59:36.37724');
INSERT INTO public.mbv_package (id, description, name, package_name, namespace, last_updated) VALUES (54, '', 'XDLABPatch', 'net.ihe.gazelle.xdlab.XDLABPatch', 'none', '2018-07-04 15:59:36.37724');
INSERT INTO public.mbv_package (id, description, name, package_name, namespace, last_updated) VALUES (55, '', 'datatypes', 'net.ihe.gazelle.datatypes.datatypes', 'urn:hl7-org:v3', '2018-07-04 15:59:36.37724');
INSERT INTO public.mbv_package (id, description, name, package_name, namespace, last_updated) VALUES (56, '', 'ihepharmdis', 'net.ihe.gazelle.ihepharmdis.ihepharmdis', '', '2018-07-04 15:59:36.37724');
INSERT INTO public.mbv_package (id, description, name, package_name, namespace, last_updated) VALUES (57, '', 'ihepharmpadv', 'net.ihe.gazelle.ihepharmpadv.ihepharmpadv', '', '2018-07-04 15:59:36.37724');
INSERT INTO public.mbv_package (id, description, name, package_name, namespace, last_updated) VALUES (58, '', 'ihepread', 'net.ihe.gazelle.ihepread.ihepread', '', '2018-07-04 15:59:36.37724');
INSERT INTO public.mbv_package (id, description, name, package_name, namespace, last_updated) VALUES (59, '', 'epSOSTemplates', 'net.ihe.gazelle.epsos.epSOSTemplates', '', '2018-07-04 15:59:36.37724');
INSERT INTO public.mbv_package (id, description, name, package_name, namespace, last_updated) VALUES (60, '', 'plcda', 'net.ihe.gazelle.plcda.plcda', '', '2018-07-04 15:59:36.37724');
INSERT INTO public.mbv_package (id, description, name, package_name, namespace, last_updated) VALUES (61, '', 'xdssd', 'net.ihe.gazelle.xdssd.xdssd', '', '2018-07-04 15:59:36.37724');
INSERT INTO public.mbv_package (id, description, name, package_name, namespace, last_updated) VALUES (62, '', 'ccrc', 'net.ihe.gazelle.ccrc.ccrc', '', '2018-07-04 15:59:36.37724');
INSERT INTO public.mbv_package (id, description, name, package_name, namespace, last_updated) VALUES (63, '', 'edes', 'net.ihe.gazelle.edes.edes', '', '2018-07-04 15:59:36.37724');
INSERT INTO public.mbv_package (id, description, name, package_name, namespace, last_updated) VALUES (64, '', 'lab', 'net.ihe.gazelle.lab.lab', '', '2018-07-04 15:59:36.37724');
INSERT INTO public.mbv_package (id, description, name, package_name, namespace, last_updated) VALUES (65, '', 'ap', 'net.ihe.gazelle.ap.ap', '', '2018-07-04 15:59:36.37724');
INSERT INTO public.mbv_package (id, description, name, package_name, namespace, last_updated) VALUES (66, '', 'nds', 'net.ihe.gazelle.nds.nds', '', '2018-07-04 15:59:36.37724');
INSERT INTO public.mbv_package (id, description, name, package_name, namespace, last_updated) VALUES (67, '', 'ppoc', 'net.ihe.gazelle.ppoc.ppoc', '', '2018-07-04 15:59:36.37724');
INSERT INTO public.mbv_package (id, description, name, package_name, namespace, last_updated) VALUES (68, '', 'ppvs', 'net.ihe.gazelle.ppvs.ppvs', '', '2018-07-04 15:59:36.37724');
INSERT INTO public.mbv_package (id, description, name, package_name, namespace, last_updated) VALUES (69, '', 'trsp', 'net.ihe.gazelle.trsp.trsp', '', '2018-07-04 15:59:36.37724');
INSERT INTO public.mbv_package (id, description, name, package_name, namespace, last_updated) VALUES (70, '', 'ens', 'net.ihe.gazelle.ens.ens', '', '2018-07-04 15:59:36.37724');
INSERT INTO public.mbv_package (id, description, name, package_name, namespace, last_updated) VALUES (71, '', 'asipcse', 'net.ihe.gazelle.asipcse.asipcse', '', '2018-07-04 15:59:36.37724');
INSERT INTO public.mbv_package (id, description, name, package_name, namespace, last_updated) VALUES (72, '', 'asipcrbio', 'net.ihe.gazelle.asipcrbio.asipcrbio', '', '2018-07-04 15:59:36.37724');
INSERT INTO public.mbv_package (id, description, name, package_name, namespace, last_updated) VALUES (73, '', 'asipd2lmfin', 'net.ihe.gazelle.asipd2lmfin.asipd2lmfin', '', '2018-07-04 15:59:36.37724');
INSERT INTO public.mbv_package (id, description, name, package_name, namespace, last_updated) VALUES (74, '', 'asipldlses', 'net.ihe.gazelle.asipldlses.asipldlses', '', '2018-07-04 15:59:36.37724');
INSERT INTO public.mbv_package (id, description, name, package_name, namespace, last_updated) VALUES (75, '', 'asipd2lmfidd', 'net.ihe.gazelle.asipd2lmfidd.asipd2lmfidd', '', '2018-07-04 15:59:36.37724');
INSERT INTO public.mbv_package (id, description, name, package_name, namespace, last_updated) VALUES (76, '', 'ihepharmpre', 'net.ihe.gazelle.ihepharmpre.ihepharmpre', '', '2018-07-04 15:59:36.37724');
INSERT INTO public.mbv_package (id, description, name, package_name, namespace, last_updated) VALUES (77, '', 'ihepcc', 'net.ihe.gazelle.ihepcc.ihepcc', '', '2018-07-04 15:59:36.37724');
INSERT INTO public.mbv_package (id, description, name, package_name, namespace, last_updated) VALUES (78, '', 'mtp', 'net.ihe.gazelle.mtp.mtp', '', '2018-07-04 15:59:36.37724');
INSERT INTO public.mbv_package (id, description, name, package_name, namespace, last_updated) VALUES (79, '', 'cma', 'net.ihe.gazelle.cma.cma', '', '2018-07-04 15:59:36.37724');
SELECT pg_catalog.setval('mbv_package_sequence', 79, true);



INSERT INTO public.validator_describer_packages_link (validator_describer_id, package_id) VALUES (14, 2);
INSERT INTO public.validator_describer_packages_link (validator_describer_id, package_id) VALUES (13, 9);
INSERT INTO public.validator_describer_packages_link (validator_describer_id, package_id) VALUES (13, 17);
INSERT INTO public.validator_describer_packages_link (validator_describer_id, package_id) VALUES (6, 48);
INSERT INTO public.validator_describer_packages_link (validator_describer_id, package_id) VALUES (6, 46);
INSERT INTO public.validator_describer_packages_link (validator_describer_id, package_id) VALUES (8, 43);
INSERT INTO public.validator_describer_packages_link (validator_describer_id, package_id) VALUES (8, 59);
INSERT INTO public.validator_describer_packages_link (validator_describer_id, package_id) VALUES (8, 44);
INSERT INTO public.validator_describer_packages_link (validator_describer_id, package_id) VALUES (5, 48);
INSERT INTO public.validator_describer_packages_link (validator_describer_id, package_id) VALUES (5, 49);
INSERT INTO public.validator_describer_packages_link (validator_describer_id, package_id) VALUES (31, 43);
INSERT INTO public.validator_describer_packages_link (validator_describer_id, package_id) VALUES (31, 59);
INSERT INTO public.validator_describer_packages_link (validator_describer_id, package_id) VALUES (31, 41);
INSERT INTO public.validator_describer_packages_link (validator_describer_id, package_id) VALUES (11, 45);
INSERT INTO public.validator_describer_packages_link (validator_describer_id, package_id) VALUES (11, 39);
INSERT INTO public.validator_describer_packages_link (validator_describer_id, package_id) VALUES (11, 59);
INSERT INTO public.validator_describer_packages_link (validator_describer_id, package_id) VALUES (11, 47);
INSERT INTO public.validator_describer_packages_link (validator_describer_id, package_id) VALUES (11, 51);
INSERT INTO public.validator_describer_packages_link (validator_describer_id, package_id) VALUES (10, 50);
INSERT INTO public.validator_describer_packages_link (validator_describer_id, package_id) VALUES (10, 39);
INSERT INTO public.validator_describer_packages_link (validator_describer_id, package_id) VALUES (10, 59);
INSERT INTO public.validator_describer_packages_link (validator_describer_id, package_id) VALUES (10, 47);
INSERT INTO public.validator_describer_packages_link (validator_describer_id, package_id) VALUES (10, 51);
INSERT INTO public.validator_describer_packages_link (validator_describer_id, package_id) VALUES (4, 47);
INSERT INTO public.validator_describer_packages_link (validator_describer_id, package_id) VALUES (4, 48);
INSERT INTO public.validator_describer_packages_link (validator_describer_id, package_id) VALUES (7, 43);
INSERT INTO public.validator_describer_packages_link (validator_describer_id, package_id) VALUES (7, 39);
INSERT INTO public.validator_describer_packages_link (validator_describer_id, package_id) VALUES (7, 59);
INSERT INTO public.validator_describer_packages_link (validator_describer_id, package_id) VALUES (19, 36);
INSERT INTO public.validator_describer_packages_link (validator_describer_id, package_id) VALUES (19, 37);
INSERT INTO public.validator_describer_packages_link (validator_describer_id, package_id) VALUES (25, 34);
INSERT INTO public.validator_describer_packages_link (validator_describer_id, package_id) VALUES (18, 30);
INSERT INTO public.validator_describer_packages_link (validator_describer_id, package_id) VALUES (18, 16);
INSERT INTO public.validator_describer_packages_link (validator_describer_id, package_id) VALUES (16, 14);
INSERT INTO public.validator_describer_packages_link (validator_describer_id, package_id) VALUES (3, 9);
INSERT INTO public.validator_describer_packages_link (validator_describer_id, package_id) VALUES (3, 32);
INSERT INTO public.validator_describer_packages_link (validator_describer_id, package_id) VALUES (3, 33);
INSERT INTO public.validator_describer_packages_link (validator_describer_id, package_id) VALUES (3, 9);
INSERT INTO public.validator_describer_packages_link (validator_describer_id, package_id) VALUES (3, 55);
